?
2
Let p(g) = g + 31. Let n be p(-15). Calculate the highest common divisor of 40 and n.
8
Let d be 695/9 - 22/99. Suppose 4*w - o - 24 = 0, -4*w + 16 = 2*o - 20. Calculate the greatest common factor of w and d.
7
Suppose 0*i - 880 = -5*i. Suppose -3*t + 4*j = -60, -79 = 8*t - 12*t + 5*j. Calculate the greatest common divisor of t and i.
16
Let t(i) = 24*i + 16. Let x be t(7). Let l = -94 + x. Let z = 7 + 3. Calculate the highest common divisor of z and l.
10
Let d be 12 + (-1)/(-1)*1. Suppose -2*i - 52 = -4*i. Calculate the highest common factor of i and d.
13
Let t(d) = d**2 + 6*d + 3. Let i be t(-6). Let m = 0 + i. Let a = m + -2. What is the highest common factor of 6 and a?
1
Let l = 4 - -5. Calculate the greatest common factor of l and 27.
9
Suppose i = -0*i + 5*q - 4, -5*q + 76 = -4*i. Let z = -39 - i. Let v be (-45)/2*12/z. What is the highest common divisor of 27 and v?
9
Let i(k) = -k**3 - k**2 + 5*k - 5. Let y = -9 - -13. Suppose -4*s = 5*x - 0 + 21, -y*s + 4 = 0. Let r be i(x). What is the highest common divisor of r and 28?
14
Let o = 3 + -25. Let i = -15 - o. Let x be 1*((0 - 0) + 1). What is the greatest common divisor of i and x?
1
Let r(q) = -q + 9. Let x be r(9). Suppose -4*n + 56 + 8 = x. Let i be 16/(-12)*-3*n. What is the greatest common divisor of 16 and i?
16
Suppose o = -2*m + 27 + 48, 0 = -m - o + 36. What is the highest common factor of 3 and m?
3
Suppose -528 = -2*g - 2*g. Suppose 3 = 3*b, 2*l = 6*l + 2*b - 26. Suppose -v + 6 = -l. Calculate the highest common factor of v and g.
12
Suppose 15 = -3*z + 63. Suppose -4*j + 0*j - 128 = 0. Let c be j/(-2)*(4 - 2). Calculate the highest common factor of z and c.
16
Suppose 0 = -m + 3 - 1. Suppose -u - 287 = -2*g, -u + 3 = m. Calculate the highest common factor of 16 and g.
16
Let y be 12/54 - (-16)/9. Suppose 280 = 2*o + y*o. What is the greatest common factor of 28 and o?
14
Let c(q) = q**2 + 67*q + 68 - 65*q - 23. Let l be c(0). Calculate the greatest common divisor of l and 9.
9
Let k = -22 + 42. Let x = -61 + 101. Calculate the highest common factor of k and x.
20
Let k be (-3)/(-6)*(29 + 0 - 1). What is the greatest common divisor of k and 14?
14
Suppose 2*z - 5*m = 185, 5*z = -5*m - 307 + 822. Let k(u) = -u + 4. Let i be k(-6). What is the greatest common factor of z and i?
10
Let c = 23 + -10. What is the highest common divisor of c and 91?
13
Let j = -71 + 85. Calculate the highest common factor of 7 and j.
7
Let t be ((-3)/(-3) + -2)*-3. Suppose t*r - 2 - 4 = 0. Let i(m) = m**3 + 2*m - 3. Let w be i(r). Calculate the highest common factor of w and 72.
9
Let u be 6/4*(-1)/(9/(-96)). What is the greatest common divisor of u and 208?
16
Let o = 12 + -8. Suppose o*h - h - 27 = 0. Calculate the greatest common factor of 72 and h.
9
Suppose -7*c + 24 = -6*c. What is the highest common divisor of c and 168?
24
Suppose -348 - 72 = 5*t. Let x be (24/7)/((-3)/t). Let w be 11 + -1 + 1 - -1. What is the greatest common divisor of x and w?
12
Suppose 4*s = -v + 102, 0 = 5*s + 9*v - 4*v - 135. Let m be (-2 + 1)/(1/(-25)). Calculate the greatest common divisor of s and m.
25
Suppose -37 = -2*s - 5*z, 2*s - 5*s = -5*z - 18. What is the highest common factor of 33 and s?
11
Let d = 38 + -26. Let i = -6 + 8. Suppose m = 4*p - i*m - 39, -4*p = -4*m - 36. What is the greatest common factor of p and d?
12
Let r(m) = 3*m**2 - 2 + 2*m + 0*m - 6*m**2 + 8*m**3. Suppose 2*f + 3*o = 1, -2*f = -3*f + 5*o + 7. Let g be r(f). What is the highest common factor of g and 18?
18
Let w be 6/2 - -2 - 3. Let z be ((-10)/(-4))/((-1)/(-2)). Calculate the greatest common factor of z and w.
1
Suppose -27*c = -26*c - 168. What is the greatest common divisor of c and 21?
21
Let j = -9 - -14. Calculate the greatest common divisor of j and 5.
5
Let n(z) = 26*z**2 + 2*z + 2. Let s be n(-1). Calculate the highest common divisor of 39 and s.
13
Let b(j) = -44*j. Let t be b(-3). Let h = 7 + -6. Let w be 140/12 - h/(-3). What is the highest common factor of t and w?
12
Let n be (-1 - 82/6)*21/(-2). Calculate the greatest common factor of 22 and n.
22
Suppose -5*x + f + 263 = -2*x, -5*f = 4*x - 357. Suppose -g = -0*g - x. Calculate the highest common factor of g and 11.
11
Let s be (-2)/4 - (-15)/(-6). Let g(v) = 2*v**2 + 4*v. Let r be g(s). Let b be ((-4)/(-6))/(4/r). Calculate the greatest common divisor of b and 11.
1
Suppose -3*y - 50 = -14. Let m = y + 42. What is the highest common factor of 45 and m?
15
Let m be (-345)/(-46)*(-2)/(-3). What is the highest common factor of m and 20?
5
Let m be (-9)/(-27) - (-188)/(-6). Let c be 3/(-2)*(11 + 3). Let v = c - m. Calculate the highest common divisor of 40 and v.
10
Let t be (2 - 15/9)*30. Calculate the greatest common factor of t and 10.
10
Let y be -204 - (1 - (-3 + 7)). Let i = y - -412. Suppose i = -5*k + 761. Calculate the highest common divisor of k and 22.
22
Let p be (3/9)/(1/108*4). Calculate the highest common divisor of 36 and p.
9
Let q = -83 - -160. Calculate the greatest common factor of 33 and q.
11
Let a(h) = -h**2 - 14*h - 14. Let b be a(-10). What is the highest common divisor of 65 and b?
13
Let w be 3/(-2)*12/(-9). Suppose 3*q + 2*j - 13 = 0, 2*q - 3*j - 15 = w*j. Suppose 25 = 3*b - q. What is the greatest common divisor of b and 20?
10
Let g(y) = y**3 + 6*y**2 - 5*y - 5. Let f = -9 + 4. Let w be g(f). Calculate the greatest common divisor of 15 and w.
15
Let s = 17 - 3. Let q(r) = -r**2 + 16*r + 12. Let f be q(s). What is the highest common divisor of 10 and f?
10
Suppose 5*i - 8 = 3*i. Suppose -l + 65 - i = -4*z, 0 = -5*l - 3*z + 397. Calculate the highest common factor of 11 and l.
11
Let q = -5 + 11. Let v be (q/9)/((-2)/(-432)). What is the greatest common factor of 16 and v?
16
Let k(r) = 2*r**3 - 21*r**2 + 15*r - 3. Let y be k(10). Calculate the greatest common factor of 47 and y.
47
Suppose 0*p + 4*p + 40 = 0. Let o be (6 + -7)/(1/p). Calculate the greatest common divisor of o and 50.
10
Let p = 9 + -4. Suppose 54 = p*y - 26. What is the highest common factor of y and 16?
16
Suppose 5*x + w = 36, 25 = -2*x + 6*x - 3*w. Calculate the highest common divisor of 7 and x.
7
Suppose -25 = 5*y, 0 = 4*h - 2*h - 3*y - 183. What is the highest common divisor of 21 and h?
21
Let f(r) be the second derivative of -1/12*r**4 + r + 0*r**2 + 0 - 4/3*r**3. Let p be f(-6). Calculate the highest common factor of p and 132.
12
Suppose 5*u - 11*j + 7*j - 83 = 0, -22 = -2*u - 4*j. Calculate the greatest common divisor of u and 3.
3
Let l be 4*(-2859)/(-12)*1. Suppose 333 = -4*v + l. Let h be (-9)/3 + 2 + v. What is the greatest common factor of 14 and h?
14
Suppose 5*f = -2*t + 43, -f - 3*f = -4*t + 16. Let i = t + -2. What is the highest common divisor of i and 1?
1
Let s(a) = -3*a + 3*a - a - 1. Let x be s(-4). What is the highest common divisor of 27 and x?
3
Let i = -8 + 19. Let q(t) = 14*t + 1. Let u be q(7). Calculate the greatest common factor of u and i.
11
Suppose -5*t + 160 = 2*o - 85, 0 = 4*o + 2*t - 498. What is the greatest common divisor of 25 and o?
25
Let z = 0 - -5. Let x = -10 - -21. Let b = x + -6. Calculate the highest common factor of b and z.
5
Suppose 0 = -2*y + 7*y - 195. Suppose 5*x - 5*q = -0*x + 70, -2*x = 2*q - 24. What is the greatest common factor of y and x?
13
Let y = -25 - -29. Suppose 5*p - 95 = -y*g + 38, -2*p = 2*g - 64. Calculate the highest common divisor of g and 18.
9
Suppose 140 = 2*m + 14. Let y(p) = -p + 11. Let q be y(7). Let s be 7 + (1 - q) - -3. What is the greatest common divisor of s and m?
7
Let j be 1/(-2)*28/(-2). Let d(o) = 2*o**2 - 5*o - 7. Let u be d(6). What is the highest common divisor of u and j?
7
Suppose -5*a + 0*a + 4*r + 175 = 0, -a - 5*r + 35 = 0. Let j = a + -20. Calculate the highest common divisor of j and 15.
15
Suppose -2 = -a - 0. Let j be -1*(-2)/a*9. Let n be (9/2)/((-12)/(-24)). Calculate the greatest common factor of j and n.
9
Let t(m) be the first derivative of 2*m**3/3 - 5*m**2 + 12*m + 1. Let c be t(8). What is the greatest common divisor of c and 12?
12
Let y = -142 - -143. What is the greatest common factor of y and 17?
1
Suppose 6*y - 10*y = -240. What is the greatest common divisor of y and 12?
12
Let w(h) = -h**2 - 13*h + 10. Let t be w(-7). Suppose 4*l = 13 - 1. Suppos